visor of x and j?
5
Suppose 61*c - 56*c = 10. Suppose 4*h = 2*g + 386, 3*g + 195 = c*h - 0*h. What is the highest common divisor of 30 and h?
6
Let o = -17862 - -18156. What is the highest common factor of o and 48?
6
Let x = 13640 - 13592. Calculate the highest common factor of 1896 and x.
24
Let h = 321 - 321. Suppose k + 156 - 171 = h. Let c be 4*-50*(-3)/8. What is the greatest common factor of k and c?
15
Let q(c) = -5*c + 5. Let t be q(-5). Suppose -13*m + t = -8*m. Let l be (-5)/10*(2/2 + -109). What is the highest common factor of l and m?
6
Suppose 24*p = 2073 + 687. Calculate the greatest common factor of p and 46.
23
Let k be (-2)/(-4*(-4)/568) - -3. Let s = k - -38. Let c be (s/9)/((5/(-72))/5). What is the greatest common divisor of 30 and c?
30
Let z = -6281 - -18083. Calculate the highest common factor of 42 and z.
42
Let t = -1472 + 1478. Let y = -110 + 40. Let q = 8 - y. What is the greatest common divisor of t and q?
6
Let g = 228 - 231. Let y be (0 - 340/25)*(g + -2). Calculate the highest common divisor of y and 340.
68
Let m = 121 + 61. Let r(y) = 2*y**2 + m*y**3 - 181*y**3 - 7*y + 3*y**2 + 3. Let i be r(-6). Calculate the greatest common divisor of i and 12.
3
Let p(a) = 194*a**2 + 129*a + 262. Let r be p(-2). What is the greatest common factor of 75 and r?
15
Let g be (6/8)/(6/24). Let p be g/(-6) + (-365)/(-10). Suppose 0*a + 27 = 3*a. Calculate the highest common divisor of a and p.
9
Let z be 3 + 3/((3/(-34))/(-1)). Let x = -133 + 134. Calculate the highest common factor of z and x.
1
Let j(z) = 213*z + 445. Let k be j(32). What is the greatest common divisor of k and 53?
53
Suppose -24*y - 4*y + 112 = 0. Suppose -3*z = x - 100, -2*z + 70 = 8*x - y*x. Calculate the highest common factor of 66 and z.
33
Let b(z) = z + 1. Let w be b(1). Suppose -22*o = -23*o - w. Let k(m) = 42*m**2 + 8*m + 10. Let j be k(o). Calculate the greatest common factor of j and 18.
18
Suppose 25*b = 7*b + 594. Let g = -54 - -65. What is the greatest common divisor of b and g?
11
Suppose 339 = -38*y + 239 + 8612. Calculate the highest common factor of 504 and y.
56
Let l be (-2 + -294)*(-5)/10. Let d = l - 143. Calculate the greatest common divisor of 25 and d.
5
Let v be (-21)/147*5 - (-45673)/7. Calculate the highest common divisor of 7 and v.
7
Let f(b) = 38*b + 3. Let a be f(6). Let o = -18744 + 18766. Calculate the highest common factor of a and o.
11
Let d be ((-2)/(-14))/(160/560)*1834. Calculate the greatest common divisor of 393 and d.
131
Suppose 41*v = -3*l + 40*v + 43, 4*l - 5*v = 51. What is the highest common factor of 1946 and l?
14
Suppose -5*m + 315 = -151*u + 153*u, -u + 125 = -4*m. What is the greatest common divisor of u and 928?
29
Suppose 0 = 105*w - 28198 - 9602. Calculate the greatest common factor of w and 280.
40
Suppose 47*x = 1932 + 315 - 367. Calculate the greatest common factor of 2970 and x.
10
Let g be 12/24*(438 + 0/(-1)). Suppose 3*y + 2*k - 1209 = 0, 4*k + g + 184 = y. What is the greatest common divisor of 62 and y?
31
Suppose 2*l - 42*q - 26 = -46*q, 0 = -3*l - q + 19. What is the greatest common divisor of 895 and l?
5
Let i(w) = w**3 - 12*w**2 - w - 11. Let u be i(13). Let n = -1150 - -1155. Calculate the highest common divisor of u and n.
5
Suppose 21*t + 34*t - 8745 = 0. Suppose -167*u + 424 = -t*u. Calculate the greatest common divisor of 53 and u.
53
Let o be ((-87)/(-9) - (-4)/(-6)) + 1. Suppose 12*x = 11*x - 35. Let t be 1463/49 + (-5)/x. Calculate the greatest common factor of o and t.
10
Let f = -28 + 30. Let t(v) = v**2 - 9*v - 2. Let z be t(5). Let a = f - z. What is the highest common factor of a and 16?
8
Let a(j) = j**3 - 14*j**2 + 58*j - 33. Let s be a(15). What is the greatest common divisor of s and 90?
18
Suppose -218*m + 211*m - 329 = 0. Let x = 16 - m. Let v(a) = a**2 - 8*a - 13. Let g be v(10). What is the highest common factor of x and g?
7
Let c be 1*((-12)/(-2) - -7). Suppose -720 = -15*f + c*f. Calculate the highest common factor of 45 and f.
45
Let a = -193 - -413. Let r(k) = -38*k**2 + 1. Let b be r(-1). Let j = -17 - b. What is the greatest common divisor of j and a?
20
Let n = 121 - 69. Let i(f) = -17 - 19*f + 2*f**2 + 0*f + 2. Let w be i(-5). What is the highest common factor of w and n?
26
Suppose -4*q + q = -165. Let o(t) = 2*t**2 - 50*t - 48. Let y be o(26). Let s be (10/q - y/22) + 24. Calculate the highest common factor of 24 and s.
24
Let s = -3313 - -3318. Calculate the highest common divisor of s and 955.
5
Suppose -8*t - 7 = -15*t. Let l be 285/(5/t) + -6. What is the highest common factor of l and 17?
17
Let n be -5*(-3)/5 + 14 + -15. What is the greatest common factor of 626 and n?
2
Let z = 27087 - 26815. What is the highest common factor of z and 306?
34
Let c be (-155)/(-186) - 1065/(-18). What is the highest common divisor of 55 and c?
5
Suppose -47*u + 366 + 774 = -9*u. Suppose 2*g = -g + 9. Suppose 5*d = -l + u, g*d + 5*l - 1 = 17. Calculate the highest common factor of d and 24.
6
Suppose -263*a + 1760910 = -3006754. What is the highest common factor of a and 176?
176
Suppose 2*l = 5*l - 6600. Suppose -4*y + 509 = 5*d, -4*d = 101*y - 102*y + 101. Suppose -126*m = -y*m - l. Calculate the greatest common factor of m and 55.
55
Suppose -160*h = -99*h - 3660. What is the greatest common divisor of h and 4470?
30
Suppose -5*s = 2*v - 9 + 1, -s + 5*v = -7. Suppose 4*y - s*y - 4 = 0. Calculate the highest common divisor of 11 and y.
1
Let f be 3/((-7)/((-7280)/165)) + 22/242. Calculate the highest common factor of f and 4883.
19
Let u = 4653 + -3709. Calculate the greatest common divisor of u and 64.
16
Let q be -743 + 4/(-2) + -5 + 6. Let d be (q/18)/((-6)/9). What is the greatest common divisor of d and 31?
31
Let p = -107 - -109. Suppose 2*v = 5*m - p*v - 394, 0 = 4*m + 5*v - 307. What is the highest common divisor of 24 and m?
6
Let o = 982 + 413. What is the greatest common divisor of o and 315?
45
Let x(s) = -s**2 - 1. Let q be x(-10). Let n = -47 - q. Let w = -27 + n. Calculate the highest common divisor of w and 108.
27
Let h(d) = 34*d - 2. Let b be h(3). Suppose -111*n + 3942 = 162*n - 2883. What is the greatest common factor of b and n?
25
Suppose 0 = -11*g + 3379 + 5872. Suppose -187 + 42 = -5*m + 3*r, -4*r - 87 = -3*m. Calculate the greatest common divisor of g and m.
29
Let k be (35/21)/((-15)/(-558)). Calculate the highest common divisor of 8370 and k.
62
Let k = -11010 - -11027. What is the highest common divisor of k and 5287?
17
Suppose -4*r = -5*w + 2166, w + 113 - 548 = -r. What is the highest common divisor of 126 and w?
14
Suppose 5*n - 4*o - 52 = 0, -4*n = 9*o - 6*o - 54. Let r be (-72)/(-42)*798/12. Calculate the greatest common divisor of r and n.
6
Suppose 2*x = -235 + 57. Let g = 89 + x. Let u be g/(-4) + 1 + 29. What is the greatest common divisor of 6 and u?
6
Let j = 17513 - 7003. What is the greatest common factor of 10 and j?
10
Let s be (2/6)/((-3)/(-18)). Let h be (1 - 4 - (8 + -8))/(21/77). Let w be 2532/132 + s/h. Calculate the highest common divisor of 76 and w.
19
Let j(r) be the first derivative of 3*r**2 + 32*r - 3. Let g be j(-7). Let i be 15/2*(14 - g). What is the greatest common divisor of i and 20?
20
Let x = 114 + -110. Let o be (-1)/(-10)*x - 9622/(-170). Calculate the highest common factor of o and 912.
57
Suppose -5*y + 1135 = -5*a, -207*y + 210*y + 5*a = 705. Calculate the greatest common divisor of y and 50.
10
Let q = -871 - -889. Calculate the greatest common factor of q and 17919.
9
Suppose 204 = 32*f - 372. Suppose 0 = 2*r - 6*r - 4*i + 584, -2*r + 282 = -3*i. Calculate the highest common factor of r and f.
18
Let b(r) = -r**3 + r - 2. Let f be b(5). Let g = f - -239. Let t be (182/56)/((-4)/(-16)). Calculate the highest common divisor of g and t.
13
Suppose -w - 547 = -3*d, d + w = 102 + 83. Suppose -1377 = -7*c + 331. What is the greatest common factor of d and c?
61
Let f(o) = -12*o - 247. Let d be f(-38). Suppose 0 = -2*q + 4*z + 62, 5*q - d = -z - 32. Calculate the highest common divisor of 105 and q.
35
Let d = -5702 + 5884. Calculate the greatest common divisor of 4277 and d.
91
Let f(b) = -5*b**2 - 139*b + 58. Let k be f(-28). What is the greatest common factor of k and 2090?
10
Let h = -6848 - -6938. 